{"id":59,"date":"2025-03-28T03:28:09","date_gmt":"2025-03-28T03:28:09","guid":{"rendered":"https:\/\/demo2wpopal.b-cdn.net\/spaciaz\/?page_id=59"},"modified":"2026-04-22T16:11:02","modified_gmt":"2026-04-22T16:11:02","slug":"gyik","status":"publish","type":"page","link":"https:\/\/beckstudio.hu\/zsoci\/gyik\/","title":{"rendered":"GYIK"},"content":{"rendered":"\t\t<div data-elementor-type=\"wp-page\" data-elementor-id=\"59\" class=\"elementor elementor-59\" data-elementor-post-type=\"page\">\n\t\t\t\t<div class=\"elementor-element elementor-element-6e42dfbf e-flex e-con-boxed e-con e-parent\" data-id=\"6e42dfbf\" data-element_type=\"container\" data-e-type=\"container\" data-settings=\"{&quot;background_background&quot;:&quot;classic&quot;}\">\n\t\t\t\t\t<div class=\"e-con-inner\">\n\t\t<div class=\"elementor-element elementor-element-1e7051fc e-con-full e-flex e-con e-child\" data-id=\"1e7051fc\" data-element_type=\"container\" data-e-type=\"container\">\n\t\t<div class=\"elementor-element elementor-element-11d1c018 e-flex e-con-boxed e-con e-child\" data-id=\"11d1c018\" data-element_type=\"container\" data-e-type=\"container\">\n\t\t\t\t\t<div class=\"e-con-inner\">\n\t\t<div class=\"elementor-element elementor-element-346afed e-con-full e-flex e-con e-child\" data-id=\"346afed\" data-element_type=\"container\" data-e-type=\"container\">\n\t\t\t\t<div class=\"elementor-element elementor-element-6bb639d elementor-widget elementor-widget-heading\" data-id=\"6bb639d\" data-element_type=\"widget\" data-e-type=\"widget\" data-widget_type=\"heading.default\">\n\t\t\t\t\t<h2 class=\"elementor-heading-title elementor-size-default\">Gyakori k\u00e9rd\u00e9sek<\/h2>\t\t\t\t<\/div>\n\t\t\t\t<div class=\"elementor-element elementor-element-28210851 elementor-widget elementor-widget-spacer\" data-id=\"28210851\" data-element_type=\"widget\" data-e-type=\"widget\" data-widget_type=\"spacer.default\">\n\t\t\t\t\t\t\t<div class=\"elementor-spacer\">\n\t\t\t<div class=\"elementor-spacer-inner\"><\/div>\n\t\t<\/div>\n\t\t\t\t\t\t<\/div>\n\t\t\t\t<\/div>\n\t\t\t\t\t<\/div>\n\t\t\t\t<\/div>\n\t\t\t\t<\/div>\n\t\t\t\t\t<\/div>\n\t\t\t\t<\/div>\n\t\t<div class=\"elementor-element elementor-element-9321a9a e-flex e-con-boxed e-con e-parent\" data-id=\"9321a9a\" data-element_type=\"container\" data-e-type=\"container\">\n\t\t\t\t\t<div class=\"e-con-inner\">\n\t\t\t\t<div class=\"elementor-element elementor-element-062102f elementor-widget__width-inherit animated-fast elementor-invisible elementor-widget elementor-widget-n-accordion\" data-id=\"062102f\" data-element_type=\"widget\" data-e-type=\"widget\" data-settings=\"{&quot;_animation&quot;:&quot;opal-move-up&quot;,&quot;default_state&quot;:&quot;expanded&quot;,&quot;max_items_expended&quot;:&quot;one&quot;,&quot;n_accordion_animation_duration&quot;:{&quot;unit&quot;:&quot;ms&quot;,&quot;size&quot;:400,&quot;sizes&quot;:[]}}\" data-widget_type=\"nested-accordion.default\">\n\t\t\t\t\t\t\t<div class=\"e-n-accordion\" aria-label=\"Accordion. Open links with Enter or Space, close with Escape, and navigate with Arrow Keys\">\n\t\t\t\t\t\t<details id=\"e-n-accordion-item-6420\" class=\"e-n-accordion-item\" open>\n\t\t\t\t<summary class=\"e-n-accordion-item-title\" data-accordion-index=\"1\" tabindex=\"0\" aria-expanded=\"true\" aria-controls=\"e-n-accordion-item-6420\" >\n\t\t\t\t\t<span class='e-n-accordion-item-title-header'><h6 class=\"e-n-accordion-item-title-text\"> Mi az els\u0151 l\u00e9p\u00e9s egy \u00e9p\u00edtkez\u00e9sn\u00e9l? <\/h6><\/span>\n\t\t\t\t\t\t\t<span class='e-n-accordion-item-title-icon'>\n\t\t\t<span class='e-opened' ><i aria-hidden=\"true\" class=\"spaciaz-icon- spaciaz-icon-chevron-up\"><\/i><\/span>\n\t\t\t<span class='e-closed'><i aria-hidden=\"true\" class=\"spaciaz-icon- spaciaz-icon-chevron-down\"><\/i><\/span>\n\t\t<\/span>\n\n\t\t\t\t\t\t<\/summary>\n\t\t\t\t<div role=\"region\" aria-labelledby=\"e-n-accordion-item-6420\" class=\"elementor-element elementor-element-8af5d05 e-con-full e-flex e-con e-child\" data-id=\"8af5d05\" data-element_type=\"container\" data-e-type=\"container\">\n\t\t\t\t<div class=\"elementor-element elementor-element-bd48e85 elementor-widget__width-initial elementor-widget elementor-widget-text-editor\" data-id=\"bd48e85\" data-element_type=\"widget\" data-e-type=\"widget\" data-widget_type=\"text-editor.default\">\n\t\t\t\t\t\t\t\t\t<p data-start=\"157\" data-end=\"382\">Az els\u0151 l\u00e9p\u00e9s az ig\u00e9nyek pontos meghat\u00e1roz\u00e1sa \u00e9s a megfelel\u0151 telek kiv\u00e1laszt\u00e1sa. Ezt k\u00f6veti a tervez\u00e9si folyamat, ahol szak\u00e9rt\u0151ink seg\u00edtenek az elk\u00e9pzel\u00e9sek m\u0171szaki \u00e9s p\u00e9nz\u00fcgyi szempontb\u00f3l is megval\u00f3s\u00edthat\u00f3 form\u00e1ba \u00f6nt\u00e9s\u00e9ben.<\/p>\t\t\t\t\t\t\t\t<\/div>\n\t\t\t\t<\/div>\n\t\t\t\t\t<\/details>\n\t\t\t\t\t\t<details id=\"e-n-accordion-item-6421\" class=\"e-n-accordion-item\" >\n\t\t\t\t<summary class=\"e-n-accordion-item-title\" data-accordion-index=\"2\" tabindex=\"-1\" aria-expanded=\"false\" aria-controls=\"e-n-accordion-item-6421\" >\n\t\t\t\t\t<span class='e-n-accordion-item-title-header'><h6 class=\"e-n-accordion-item-title-text\"> Mennyi id\u0151 alatt k\u00e9sz\u00fcl el egy csal\u00e1di h\u00e1z? <\/h6><\/span>\n\t\t\t\t\t\t\t<span class='e-n-accordion-item-title-icon'>\n\t\t\t<span class='e-opened' ><i aria-hidden=\"true\" class=\"spaciaz-icon- spaciaz-icon-chevron-up\"><\/i><\/span>\n\t\t\t<span class='e-closed'><i aria-hidden=\"true\" class=\"spaciaz-icon- spaciaz-icon-chevron-down\"><\/i><\/span>\n\t\t<\/span>\n\n\t\t\t\t\t\t<\/summary>\n\t\t\t\t<div role=\"region\" aria-labelledby=\"e-n-accordion-item-6421\" class=\"elementor-element elementor-element-57a645b e-con-full e-flex e-con e-child\" data-id=\"57a645b\" data-element_type=\"container\" data-e-type=\"container\">\n\t\t\t\t<div class=\"elementor-element elementor-element-01848b1 elementor-widget__width-initial elementor-widget elementor-widget-text-editor\" data-id=\"01848b1\" data-element_type=\"widget\" data-e-type=\"widget\" data-widget_type=\"text-editor.default\">\n\t\t\t\t\t\t\t\t\t<p data-start=\"439\" data-end=\"621\">A kivitelez\u00e9si id\u0151 t\u00f6bb t\u00e9nyez\u0151t\u0151l f\u00fcgg, de CLT technol\u00f3gia eset\u00e9n ak\u00e1r 3\u20134 h\u00f3nap alatt kulcsrak\u00e9sz \u00e1llapot \u00e9rhet\u0151 el. Hagyom\u00e1nyos \u00e9p\u00edt\u00e9sn\u00e9l ez jellemz\u0151en hosszabb id\u0151t vesz ig\u00e9nybe.<\/p>\t\t\t\t\t\t\t\t<\/div>\n\t\t\t\t<\/div>\n\t\t\t\t\t<\/details>\n\t\t\t\t\t\t<details id=\"e-n-accordion-item-6422\" class=\"e-n-accordion-item\" >\n\t\t\t\t<summary class=\"e-n-accordion-item-title\" data-accordion-index=\"3\" tabindex=\"-1\" aria-expanded=\"false\" aria-controls=\"e-n-accordion-item-6422\" >\n\t\t\t\t\t<span class='e-n-accordion-item-title-header'><h6 class=\"e-n-accordion-item-title-text\"> Milyen \u00e9p\u00edt\u00e9si technol\u00f3gi\u00e1t \u00e9rdemes v\u00e1lasztani? <\/h6><\/span>\n\t\t\t\t\t\t\t<span class='e-n-accordion-item-title-icon'>\n\t\t\t<span class='e-opened' ><i aria-hidden=\"true\" class=\"spaciaz-icon- spaciaz-icon-chevron-up\"><\/i><\/span>\n\t\t\t<span class='e-closed'><i aria-hidden=\"true\" class=\"spaciaz-icon- spaciaz-icon-chevron-down\"><\/i><\/span>\n\t\t<\/span>\n\n\t\t\t\t\t\t<\/summary>\n\t\t\t\t<div role=\"region\" aria-labelledby=\"e-n-accordion-item-6422\" class=\"elementor-element elementor-element-3651a9d e-con-full e-flex e-con e-child\" data-id=\"3651a9d\" data-element_type=\"container\" data-e-type=\"container\">\n\t\t\t\t<div class=\"elementor-element elementor-element-92c78c8 elementor-widget__width-initial elementor-widget elementor-widget-text-editor\" data-id=\"92c78c8\" data-element_type=\"widget\" data-e-type=\"widget\" data-widget_type=\"text-editor.default\">\n\t\t\t\t\t\t\t\t\t<p data-start=\"682\" data-end=\"858\">Ez az ig\u00e9nyekt\u0151l \u00e9s a k\u00f6lts\u00e9gkerett\u0151l f\u00fcgg. A CLT technol\u00f3gia gyors, energiahat\u00e9kony \u00e9s fenntarthat\u00f3 megold\u00e1s, m\u00edg a hagyom\u00e1nyos t\u00e9gla\u00e9p\u00edt\u00e9s id\u0151t\u00e1ll\u00f3 \u00e9s j\u00f3l bev\u00e1lt alternat\u00edva.<\/p>\t\t\t\t\t\t\t\t<\/div>\n\t\t\t\t<\/div>\n\t\t\t\t\t<\/details>\n\t\t\t\t\t\t<details id=\"e-n-accordion-item-6423\" class=\"e-n-accordion-item\" >\n\t\t\t\t<summary class=\"e-n-accordion-item-title\" data-accordion-index=\"4\" tabindex=\"-1\" aria-expanded=\"false\" aria-controls=\"e-n-accordion-item-6423\" >\n\t\t\t\t\t<span class='e-n-accordion-item-title-header'><h6 class=\"e-n-accordion-item-title-text\"> Seg\u00edtenek a tervez\u00e9sben \u00e9s enged\u00e9lyeztet\u00e9sben is? <\/h6><\/span>\n\t\t\t\t\t\t\t<span class='e-n-accordion-item-title-icon'>\n\t\t\t<span class='e-opened' ><i aria-hidden=\"true\" class=\"spaciaz-icon- spaciaz-icon-chevron-up\"><\/i><\/span>\n\t\t\t<span class='e-closed'><i aria-hidden=\"true\" class=\"spaciaz-icon- spaciaz-icon-chevron-down\"><\/i><\/span>\n\t\t<\/span>\n\n\t\t\t\t\t\t<\/summary>\n\t\t\t\t<div role=\"region\" aria-labelledby=\"e-n-accordion-item-6423\" class=\"elementor-element elementor-element-7bafcca e-con-full e-flex e-con e-child\" data-id=\"7bafcca\" data-element_type=\"container\" data-e-type=\"container\">\n\t\t\t\t<div class=\"elementor-element elementor-element-b097c98 elementor-widget__width-initial elementor-widget elementor-widget-text-editor\" data-id=\"b097c98\" data-element_type=\"widget\" data-e-type=\"widget\" data-widget_type=\"text-editor.default\">\n\t\t\t\t\t\t\t\t\t<p data-start=\"921\" data-end=\"1058\">Igen, teljes k\u00f6r\u0171 szolg\u00e1ltat\u00e1st ny\u00fajtunk. A tervez\u00e9st\u0151l kezdve az enged\u00e9lyeztet\u00e9sen \u00e1t eg\u00e9szen a kivitelez\u00e9sig v\u00e9gigk\u00eds\u00e9rj\u00fck a projektet.<\/p>\t\t\t\t\t\t\t\t<\/div>\n\t\t\t\t<\/div>\n\t\t\t\t\t<\/details>\n\t\t\t\t\t\t<details id=\"e-n-accordion-item-6424\" class=\"e-n-accordion-item\" >\n\t\t\t\t<summary class=\"e-n-accordion-item-title\" data-accordion-index=\"5\" tabindex=\"-1\" aria-expanded=\"false\" aria-controls=\"e-n-accordion-item-6424\" >\n\t\t\t\t\t<span class='e-n-accordion-item-title-header'><h6 class=\"e-n-accordion-item-title-text\"> Mennyire kisz\u00e1m\u00edthat\u00f3ak a k\u00f6lts\u00e9gek? <\/h6><\/span>\n\t\t\t\t\t\t\t<span class='e-n-accordion-item-title-icon'>\n\t\t\t<span class='e-opened' ><i aria-hidden=\"true\" class=\"spaciaz-icon- spaciaz-icon-chevron-up\"><\/i><\/span>\n\t\t\t<span class='e-closed'><i aria-hidden=\"true\" class=\"spaciaz-icon- spaciaz-icon-chevron-down\"><\/i><\/span>\n\t\t<\/span>\n\n\t\t\t\t\t\t<\/summary>\n\t\t\t\t<div role=\"region\" aria-labelledby=\"e-n-accordion-item-6424\" class=\"elementor-element elementor-element-11623e1 e-con-full e-flex e-con e-child\" data-id=\"11623e1\" data-element_type=\"container\" data-e-type=\"container\">\n\t\t\t\t<div class=\"elementor-element elementor-element-d02a2af elementor-widget__width-initial elementor-widget elementor-widget-text-editor\" data-id=\"d02a2af\" data-element_type=\"widget\" data-e-type=\"widget\" data-widget_type=\"text-editor.default\">\n\t\t\t\t\t\t\t\t\t<p>Kiemelten fontos sz\u00e1munkra az \u00e1tl\u00e1that\u00f3s\u00e1g. El\u0151re tervezhet\u0151 k\u00f6lts\u00e9gvet\u00e9ssel dolgozunk, \u00e9s az \u00e9p\u00edtkez\u00e9s sor\u00e1n folyamatosan nyomon k\u00f6vethet\u0151 a projekt p\u00e9nz\u00fcgyi \u00e1llapota.<\/p>\t\t\t\t\t\t\t\t<\/div>\n\t\t\t\t<\/div>\n\t\t\t\t\t<\/details>\n\t\t\t\t\t\t<details id=\"e-n-accordion-item-6425\" class=\"e-n-accordion-item\" >\n\t\t\t\t<summary class=\"e-n-accordion-item-title\" data-accordion-index=\"6\" tabindex=\"-1\" aria-expanded=\"false\" aria-controls=\"e-n-accordion-item-6425\" >\n\t\t\t\t\t<span class='e-n-accordion-item-title-header'><h6 class=\"e-n-accordion-item-title-text\"> Tudnak seg\u00edteni finansz\u00edroz\u00e1sban vagy t\u00e1mogat\u00e1sokban? <\/h6><\/span>\n\t\t\t\t\t\t\t<span class='e-n-accordion-item-title-icon'>\n\t\t\t<span class='e-opened' ><i aria-hidden=\"true\" class=\"spaciaz-icon- spaciaz-icon-chevron-up\"><\/i><\/span>\n\t\t\t<span class='e-closed'><i aria-hidden=\"true\" class=\"spaciaz-icon- spaciaz-icon-chevron-down\"><\/i><\/span>\n\t\t<\/span>\n\n\t\t\t\t\t\t<\/summary>\n\t\t\t\t<div role=\"region\" aria-labelledby=\"e-n-accordion-item-6425\" class=\"elementor-element elementor-element-2c689cb e-con-full e-flex e-con e-child\" data-id=\"2c689cb\" data-element_type=\"container\" data-e-type=\"container\">\n\t\t\t\t<div class=\"elementor-element elementor-element-f1f9db1 elementor-widget__width-initial elementor-widget elementor-widget-text-editor\" data-id=\"f1f9db1\" data-element_type=\"widget\" data-e-type=\"widget\" data-widget_type=\"text-editor.default\">\n\t\t\t\t\t\t\t\t\t<p data-start=\"1343\" data-end=\"1503\">Igen, partnereinken kereszt\u00fcl t\u00e1mogat\u00e1st ny\u00fajtunk a finansz\u00edroz\u00e1si lehet\u0151s\u00e9gek felt\u00e9rk\u00e9pez\u00e9s\u00e9ben, bele\u00e9rtve a CSOK Plusz \u00e9s egy\u00e9b t\u00e1mogat\u00e1sok ig\u00e9nybev\u00e9tel\u00e9t is.<\/p>\t\t\t\t\t\t\t\t<\/div>\n\t\t\t\t<\/div>\n\t\t\t\t\t<\/details>\n\t\t\t\t\t<\/div>\n\t\t\t\t\t\t<\/div>\n\t\t\t\t\t<\/div>\n\t\t\t\t<\/div>\n\t\t\t\t<\/div>\n\t\t","protected":false},"excerpt":{"rendered":"<p>Gyakori k\u00e9rd\u00e9sek Mi az els\u0151 l\u00e9p\u00e9s egy \u00e9p\u00edtkez\u00e9sn\u00e9l? Az els\u0151 l\u00e9p\u00e9s az ig\u00e9nyek pontos meghat\u00e1roz\u00e1sa \u00e9s a megfelel\u0151 telek kiv\u00e1laszt\u00e1sa. Ezt k\u00f6veti a tervez\u00e9si folyamat, ahol szak\u00e9rt\u0151ink seg\u00edtenek az elk\u00e9pzel\u00e9sek m\u0171szaki \u00e9s p\u00e9nz\u00fcgyi szempontb\u00f3l is megval\u00f3s\u00edthat\u00f3 form\u00e1ba \u00f6nt\u00e9s\u00e9ben. Mennyi id\u0151 alatt k\u00e9sz\u00fcl el egy csal\u00e1di h\u00e1z? A kivitelez\u00e9si id\u0151 t\u00f6bb t\u00e9nyez\u0151t\u0151l f\u00fcgg, de CLT technol\u00f3gia [&hellip;]<\/p>\n","protected":false},"author":1,"featured_media":0,"parent":0,"menu_order":0,"comment_status":"closed","ping_status":"closed","template":"template-homepage.php","meta":{"footnotes":""},"class_list":["post-59","page","type-page","status-publish","hentry"],"_links":{"self":[{"href":"https:\/\/beckstudio.hu\/zsoci\/wp-json\/wp\/v2\/pages\/59","targetHints":{"allow":["GET"]}}],"collection":[{"href":"https:\/\/beckstudio.hu\/zsoci\/wp-json\/wp\/v2\/pages"}],"about":[{"href":"https:\/\/beckstudio.hu\/zsoci\/wp-json\/wp\/v2\/types\/page"}],"author":[{"embeddable":true,"href":"https:\/\/beckstudio.hu\/zsoci\/wp-json\/wp\/v2\/users\/1"}],"replies":[{"embeddable":true,"href":"https:\/\/beckstudio.hu\/zsoci\/wp-json\/wp\/v2\/comments?post=59"}],"version-history":[{"count":16,"href":"https:\/\/beckstudio.hu\/zsoci\/wp-json\/wp\/v2\/pages\/59\/revisions"}],"predecessor-version":[{"id":7835,"href":"https:\/\/beckstudio.hu\/zsoci\/wp-json\/wp\/v2\/pages\/59\/revisions\/7835"}],"wp:attachment":[{"href":"https:\/\/beckstudio.hu\/zsoci\/wp-json\/wp\/v2\/media?parent=59"}],"curies":[{"name":"wp","href":"https:\/\/api.w.org\/{rel}","templated":true}]}}